ppose 3*w = -l*w + 336. Suppose -4*v + 2*v = -w. What is the highest common divisor of v and 42?
14
Suppose 408 = 5*z - 312. Calculate the greatest common divisor of 112 and z.
16
Let y be (-4 + 17/(-2))/(5/(-50)). Calculate the greatest common factor of 75 and y.
25
Suppose -3*m - 2*t = -157, -2*m - 26*t = -21*t - 112. Calculate the greatest common factor of m and 1122.
51
Let l be -4*11/(-88) - (-46)/4. Let i = 7 - 15. Let w be l*i/(-12) - 0. Calculate the greatest common divisor of w and 56.
8
Let j be 12/(-4) + 3 + (-282)/1. Let r be 2/(-4) + j/(-4). Calculate the highest common factor of r and 28.
14
Let d(f) = 25 - 2*f + f - 6*f. Let r be d(-9). Let h = 22 + -11. Calculate the greatest common divisor of r and h.
11
Suppose -5*n + 4*l + 4923 = 0, -n - l = -0*l - 990. What is the highest common factor of n and 21?
21
Let o be 52/(-390) - (-276)/45. Calculate the greatest common divisor of 26 and o.
2
Let z(y) = y**2 - 5*y - 6. Let b be z(6). Let q = b - -9. Let x be 12/4*1 + q. Calculate the highest common divisor of 36 and x.
12
Let z be (-2)/3 + (-384)/(-9). Let g be (126/15)/(20/250). What is the highest common divisor of g and z?
21
Suppose -2*p + 5*g - 8 = 0, 3*p = p + 2*g + 4. Let x be (0 - -3) + -4 - -4. What is the greatest common divisor of x and p?
3
Suppose 0 = -10*b + 7*b + 27. Calculate the highest common factor of b and 15.
3
Let y = -23 - -28. Suppose -210 + 65 = -y*v. What is the greatest common factor of v and 145?
29
Let s be 3*5*(-4)/(-10). Let x be (-8)/5*(1 - s). Let c = 9 - -47. What is the greatest common factor of c and x?
8
Let v = 167 - 153. Calculate the greatest common factor of 224 and v.
14
Let z(h) = h**2 + h + 30. Let j = -1 + 1. Let k be z(j). Let d be (-1030)/(-30)*7 + 2/(-6). What is the highest common factor of d and k?
30
Suppose -4*n = -5*i - 8*n + 52, 5*i = 5*n + 70. Let t be (-89)/6*-4 + 8/i. What is the greatest common factor of 15 and t?
15
Let x = 1805 + -284. Calculate the greatest common factor of 9 and x.
9
Suppose 3*z - 1184 = -2*q + 3396, 3*z = q - 2308. What is the greatest common divisor of 14 and q?
14
Let h(g) = 15*g**2 - 5*g + 6. Let j be h(2). Suppose -30 = -5*b + 40. What is the greatest common factor of b and j?
14
Suppose 5*v + 5*y = 2*v + 61, -5*v = 3*y - 91. Let f = v - 9. What is the greatest common divisor of 1 and f?
1
Suppose s - 612 = -f, -20*s - 3060 = -5*f - 21*s. What is the highest common divisor of 136 and f?
68
Let n = 1027 + -1011. What is the highest common factor of n and 1936?
16
Let c be -7*3*-35 + -3. Suppose 3*y - 420 - c = 0. Suppose 4*b = y + 156. What is the highest common factor of b and 54?
27
Suppose 0 = -9*o + 2102 - 230. Let i be -1 + (-2 - -3 - -26). Calculate the highest common factor of i and o.
26
Let c(p) = -3*p + 2*p**2 - 3*p**2 + p**3 - 2*p**3 + p - 4. Let u be c(-3). Let m be 4/(-1)*(-75)/6. Calculate the highest common factor of m and u.
10
Suppose c = j + j - 1, -2*c = -5*j + 5. Suppose -v - c + 4 = 0. Let s = v + 11. What is the greatest common divisor of 70 and s?
10
Suppose 36*d - 29*d = 2961. Calculate the highest common divisor of d and 47.
47
Let q be 24/(-16)*(-16)/6. Let r = 10 - q. Let o be ((-265)/(-5) - -3) + 4. What is the highest common factor of r and o?
6
Let w be -5 + 48/((-8)/2). Let z = 93 - w. Calculate the greatest common divisor of 44 and z.
22
Let j(q) = -q**3 - 2*q**2 + 5*q. Suppose 4*i + 16 = 0, -i - 2*i - 24 = 3*c. Let m be j(c). What is the highest common factor of 30 and m?
6
Let d(a) = -a**2 + 25*a + 75. Let k be d(12). What is the highest common divisor of 42 and k?
21
Let p be -2*2 - (-21 + 14). Suppose 255 = 5*z - 3*m, 5*z - p*m + 4*m = 235. Calculate the highest common factor of 12 and z.
12
Let n be 48/9 + (-2)/(-3). Let x be ((-25)/2)/((-1)/2). Let c = x - -17. Calculate the greatest common divisor of c and n.
6
Let p(i) = 0 - 8 + 4 - i. Let k be p(0). Let a be (2/(-6))/(k/48). Calculate the greatest common factor of 16 and a.
4
Let a(h) = h**2 - 2*h + 3. Let d be a(0). What is the highest common factor of d and 1?
1
Let c be -11 + (1/(-3))/((-7)/42). Suppose -52 = 6*j - 2*j. Let w = c - j. What is the highest common divisor of w and 4?
4
Let c(t) = 4*t + 2. Let i(g) = g**2 - 11*g - 4. Let j be i(12). Let m be c(j). Let w = m + -20. What is the highest common divisor of 98 and w?
14
Suppose -7*m = 142 - 772. What is the highest common factor of m and 50?
10
Suppose -3*t - 4367 = -5*c, -440 - 3903 = -5*c - 3*t. Suppose 895 = 4*h + h + 5*b, 5*h = 3*b + c. Calculate the highest common divisor of h and 44.
44
Suppose 0*k = 5*k + 35. Let f(c) = -c**3 - 6*c**2 + 8*c + 8. Let p be f(k). Calculate the highest common factor of 5 and p.
1
Let w = -2688 - -2809. Let x = 40 - 29. Calculate the highest common divisor of x and w.
11
Let m = 57 + -86. Let z be 1 + (-18)/10 - m/5. What is the greatest common divisor of 20 and z?
5
Suppose 0*l = -l. Let s(c) = 2*c + 10*c - c**3 + 13 + 10*c**2 + l*c**3. Let x be s(11). What is the highest common factor of x and 216?
24
Let o be (1 + -2)/((-7)/329). Let q = 17 - o. Let n be (-100)/q + 2/3. Calculate the highest common divisor of 16 and n.
4
Suppose 4*g = -3 - 5. Let l be -24*g*1/4. Let k = 6 - -78. Calculate the highest common factor of k and l.
12
Suppose 0 = -5*g + 1 + 4. Let c(j) = 3*j**2 - j + 2. Let k be c(g). Calculate the highest common factor of 4 and k.
4
Let v = -51 + 61. Suppose 3*m = -z + v, -3*m = -0*m - 3*z - 18. Suppose 2*o - 8 = -0*o + 5*p, 0 = -2*o + 2*p + 8. What is the highest common divisor of o and m?
4
Let a(q) = -67*q**3 - 3*q**2 - 11*q - 6. Let z be a(-2). What is the highest common divisor of 10 and z?
10
Let o(k) = 3*k**2 - 51*k + 16. Let a be 17*((-20)/4 - -6). Let p be o(a). Suppose 0 = -h - 4*h + 720. What is the greatest common factor of p and h?
16
Suppose 3*b = -2*x + 78, -2*x + 688*b - 683*b = -14. Let q be (-380)/(-6) + 1/(-3). Calculate the highest common divisor of q and x.
9
Let g(i) = 10*i**2 - 6*i - 37. Let o be g(-5). What is the greatest common divisor of 18 and o?
9
Let p(w) = -3*w + 8. Let o be p(-2). Let n be (-1 - 0) + 4 + -1. Calculate the highest common factor of o and n.
2
Suppose 483 = 4*a + 3*d, 387 = 3*a - d + 28. Let s = -142 - -166. What is the greatest common factor of a and s?
24
Suppose -5*g + 4*c = -28, 7*g + 5*c + 26 = 11*g. What is the highest common divisor of 196 and g?
4
Suppose 2*y - 742 = -3*h - 0*h, h = -5*y + 243. Let r = 88 + -57. What is the highest common divisor of r and h?
31
Let z be 84/(((-51)/6)/(-17)). Calculate the highest common factor of z and 32.
8
Let r be ((-6)/(-4))/(7/98). Calculate the greatest common divisor of 399 and r.
21
Suppose -2*k + 2*r = -660, -2*k + 3*r + 658 = 2*r. What is the highest common divisor of k and 8?
8
Suppose -43 = -3*c + 2*g + 7, -2*c + 28 = -4*g. Let s(m) = -m**3 + 4*m**2 - 4*m + 2. Let z be s(2). Calculate the greatest common divisor of c and z.
2
Let y be (-8 - -3)*(-8)/10. Suppose 0 = y*a - 99 - 121. Suppose -a - 77 = -2*n. What is the highest common factor of n and 44?
22
Let v(o) = o**3 + 7*o**2 + 3. Let r be v(-7). Suppose -i = s, -r*s = -s - 5*i - 35. Suppose 0 = s*a - 10 - 0. Calculate the greatest common factor of 22 and a.
2
Suppose 55*s = 332 + 10558. Calculate the highest common divisor of 55 and s.
11
Suppose -5*b = -b - 744. Let m be (1*-1)/(2/b). Let y = -9 - m. Calculate the greatest common factor of y and 12.
12
Let t = 10 + -5. Suppose -t*l + 2*l = 0. Suppose l = 3*g - 5*g + 20. Calculate the highest common divisor of 110 and g.
10
Suppose d - 27 = -5*j + 7, 4*d = -2*j + 208. Let x be (-42)/(-3) - (-6 - 7). What is the highest common factor of x and d?
27
Let k(w) = w + 36. Let z be k(6). Calculate the highest common divisor of z and 28.
14
Suppose 5*g - 3*c - 157 = 0, 3*g + 3*c - 39 = 60. Calculate the greatest common factor of 256 and g.
32
Suppose -2*n = -r + 268, -5*n + 11 = 1. Calculate the greatest common factor of r and 34.
34
Suppose 834 + 3466 = 10*h. What is the highest common divisor of 10 and h?
10
Let f = -92 + 235. Calculate the greatest common divisor of 22 and f.
11
Suppose 0*l + 33 = 11*l. Suppose 4*k - 360 = o - 5*o, -l*o - 90 = -k. Calculate the highest common divisor of k and 10.
10
Let t = -535 - -550. Calculate the greatest common